atest common factor of 348 and 60.
12
What is the highest common divisor of 52 and 13?
13
Calculate the highest common divisor of 45 and 1740.
15
What is the highest common factor of 336 and 18?
6
Calculate the highest common factor of 84 and 112.
28
Calculate the greatest common factor of 10284 and 18.
6
Calculate the highest common divisor of 410 and 270.
10
Calculate the greatest common divisor of 32 and 368.
16
What is the greatest common divisor of 138 and 47886?
138
What is the greatest common factor of 896 and 32?
32
What is the highest common factor of 32 and 248?
8
Calculate the greatest common factor of 164 and 287.
41
Calculate the greatest common divisor of 56 and 56.
56
What is the highest common divisor of 735 and 420?
105
What is the greatest common divisor of 486 and 216?
54
What is the highest common factor of 132 and 1012?
44
What is the greatest common factor of 4 and 98?
2
Calculate the highest common factor of 159 and 183.
3
Calculate the greatest common factor of 664 and 48.
8
What is the greatest common factor of 5002 and 164?
82
What is the highest common factor of 420 and 315?
105
What is the highest common factor of 4812 and 12?
12
What is the greatest common factor of 575 and 2070?
115
Calculate the greatest common divisor of 164 and 2788.
164
What is the greatest common divisor of 88 and 209?
11
Calculate the greatest common divisor of 8 and 25.
1
Calculate the greatest common divisor of 14 and 686.
14
What is the highest common divisor of 1296 and 2349?
81
Calculate the greatest common divisor of 28 and 5362.
14
Calculate the greatest common divisor of 63 and 6111.
63
Calculate the highest common divisor of 130 and 52.
26
Calculate the highest common factor of 37 and 3.
1
Calculate the highest common factor of 220 and 1375.
55
What is the greatest common divisor of 16 and 368?
16
What is the greatest common factor of 108 and 1116?
36
What is the greatest common factor of 1 and 7?
1
What is the highest common divisor of 624 and 702?
78
What is the greatest common divisor of 64 and 4288?
64
Calculate the highest common factor of 7 and 7.
7
Calculate the greatest common divisor of 81 and 9.
9
What is the greatest common divisor of 4 and 956?
4
Calculate the highest common divisor of 210 and 2670.
30
What is the highest common factor of 82 and 10?
2
Calculate the greatest common divisor of 3151 and 276.
23
What is the greatest common divisor of 1104 and 207?
69
What is the highest common factor of 9916 and 804?
268
Calculate the greatest common divisor of 1512 and 81.
27
What is the highest common divisor of 559 and 43?
43
What is the highest common factor of 12 and 174?
6
What is the highest common factor of 308 and 32?
4
What is the greatest common factor of 8 and 1948?
4
Calculate the highest common factor of 9 and 3.
3
Calculate the greatest common divisor of 51110 and 190.
190
What is the highest common factor of 60 and 330?
30
What is the greatest common divisor of 164 and 1599?
41
Calculate the highest common divisor of 1586 and 26.
26
Calculate the highest common divisor of 3233 and 53.
53
Calculate the highest common factor of 3419 and 13.
13
What is the highest common factor of 1089 and 121?
121
Calculate the greatest common divisor of 188 and 3572.
188
Calculate the highest common divisor of 6400 and 100.
100
What is the highest common divisor of 1691 and 19?
19
Calculate the greatest common factor of 42 and 1442.
14
What is the highest common factor of 37 and 148?
37
Calculate the highest common factor of 134 and 15142.
134
What is the greatest common divisor of 40 and 6410?
10
Calculate the highest common divisor of 51 and 1.
1
What is the highest common factor of 18 and 153?
9
What is the greatest common factor of 5824 and 104?
104
Calculate the greatest common factor of 260 and 156.
52
What is the highest common factor of 72 and 306?
18
What is the greatest common factor of 44685 and 15?
15
What is the highest common factor of 44 and 1441?
11
What is the highest common divisor of 15 and 129?
3
Calculate the greatest common divisor of 302 and 4.
2
What is the greatest common factor of 160 and 40?
40
Calculate the greatest common divisor of 10 and 4870.
10
What is the highest common factor of 10 and 1370?
10
What is the highest common divisor of 8 and 27248?
8
What is the highest common divisor of 79 and 42581?
79
What is the highest common factor of 67 and 1?
1
What is the highest common factor of 357 and 21?
21
Calculate the highest common divisor of 1350 and 20.
10
What is the highest common divisor of 105 and 259?
7
What is the greatest common divisor of 136 and 408?
136
Calculate the greatest common factor of 339 and 3.
3
What is the highest common divisor of 60 and 36?
12
What is the highest common factor of 1518 and 44?
22
What is the greatest common factor of 15265 and 213?
71
Calculate the highest common divisor of 86 and 4042.
86
What is the greatest common divisor of 391 and 17?
17
Calculate the greatest common divisor of 61 and 2379.
61
Calculate the highest common divisor of 1666 and 442.
34
What is the greatest common factor of 57 and 171?
57
What is the highest common divisor of 1628 and 111?
37
Calculate the greatest common factor of 6448 and 186.
62
What is the greatest common divisor of 378 and 216?
54
What is the greatest common factor of 455 and 7?
7
Calculate the highest common divisor of 86 and 1376.
86
What is the greatest common divisor of 27 and 321?
3
Calculate the greatest common factor of 98 and 343.
49
Calculate the highest common divisor of 62 and 341.
31
Calculate the greatest common factor of 5790 and 60.
30
Calculate the highest common divisor of 33 and 55.
11
What is the greatest common divisor of 174 and 2?
2
Calculate the highest common factor of 24 and 12588.
12
What is the highest common divisor of 20 and 4?
4
Calculate the greatest common divisor of 696 and 957.
87
Calculate the greatest common factor of 150 and 490.
10
What is the highest common divisor of 95 and 133?
19
Calculate the highest common factor of 1290 and 60.
30
Calculate the greatest common factor of 705 and 555.
15
What is the highest common factor of 301 and 91?
7
What is the highest common divisor of 351 and 27?
27
What is the highest common divisor of 42 and 2562?
42
Calculate the greatest common factor of 30 and 190.
10
What is the highest common factor of 84 and 252?
84
What is the greatest common factor of 5607 and 178?
89
Calculate the greatest common factor of 114 and 18582.
114
Calculate the greatest common divisor of 44 and 8.
4
Calculate the highest common factor of 341 and 517.
11
What is the highest common factor of 484 and 1089?
121
What is the greatest common factor of 180 and 2820?
60
Calculate the greatest common divisor of 2832 and 32.
16
Calculate the highest common divisor of 81 and 108.
27
What is the greatest common divisor of 7104 and 74?
74
What is the highest common divisor of 84 and 31164?
84
Calculate the greatest common factor of 16 and 1256.
8
Calculate the greatest common divisor of 2268 and 364.
28
Calculate the highest common divisor of 9 and 1566.
9
Calculate the greatest common divisor of 45 and 23235.
15
What is the highest common factor of 648 and 288?
72
Calculate the greatest common factor of 1650 and 231.
33
Calculate the greatest common divisor of 58052 and 92.
92
Calculate the greatest common divisor of 2775 and 75.
75
Calculate the greatest common divisor of 2881 and 172.
43
What is the highest common factor of 12 and 2868?
12
What is the highest common factor of 114 and 4351?
19
Calculate the highest common factor of 1568 and 98.
98
Calculate the highest common factor of 12 and 79428.
12
Calculate the highest common factor of 231 and 99.
33
What is the greatest common divisor of 85 and 935?
85
Calculate the greatest common divisor of 24 and 1944.
24
Calculate the highest common divisor of 483 and 273.
21
What is the highest common factor of 15 and 2285?
5
Calculate the greatest common factor of 713 and 69.
23
What is the greatest common divisor of 11 and 187?
11
Calculate the highest common divisor of 12 and 1500.
12
What is the highest common factor of 865 and 10034?
173
Calculate the highest common divisor of 9953 and 2152.
269
What is the highest commo